s r(-5)?
-23
Let y(z) = 39*z - 23. Calculate y(1).
16
Let l(j) = -6*j**2 - 12*j - 4. What is l(-4)?
-52
Let i(u) = -u**3 - 10*u**2 - 9*u - 6. Calculate i(-9).
-6
Let t(c) = c - 13. Calculate t(8).
-5
Let h(s) = s**3 - 4*s**2 + 2*s - 17. Determine h(5).
18
Let n(m) = 3*m + 10. Calculate n(-4).
-2
Let c(h) = -h**2 - 13*h - 37. Calculate c(-6).
5
Let a(s) = 4*s**3 - s - 1. Determine a(-1).
-4
Let l(x) = x**3 - 3*x**2 - 9*x - 5. What is l(5)?
0
Let w(h) = h**3 - h**2 + 4*h - 6. Give w(3).
24
Let l(f) = f**2 - 5*f - 2. Calculate l(-3).
22
Let d(i) = 2*i - 12. What is d(11)?
10
Let v(d) = d**2 + 15*d + 63. Give v(-4).
19
Let h(l) = -l**2 - 2. Give h(0).
-2
Let b(w) = 12*w - 42. Determine b(4).
6
Let r(l) = -6*l + 53. Give r(4).
29
Let m(w) = 8*w + 6. Determine m(4).
38
Let f(n) = 4*n + 48. Calculate f(-14).
-8
Let g(u) = u**3 + 5*u**2 - 4*u + 2. Determine g(-6).
-10
Let d(x) = -x**3 + 16*x**2 - 3*x + 18. Calculate d(16).
-30
Let s(w) = w**2 - 6*w + 14. Give s(5).
9
Let k(w) = -2*w - 13. Determine k(-10).
7
Let z(p) = p - 1. Determine z(8).
7
Let x(y) = -3*y**3 - 4*y**2 + y + 3. Calculate x(-2).
9
Let k(r) = r**3 + 7*r**2 - 37*r - 239. Give k(-8).
-7
Let l(h) = -h**2 + 7*h - 9. Give l(3).
3
Let q(a) = 8*a**2 + 1. Give q(2).
33
Let l(g) = 11*g - 160. Give l(14).
-6
Let z(j) = j**3 - j**2 + 2*j + 4. Calculate z(0).
4
Let t(n) = -2*n**2 + 38*n - 171. Calculate t(11).
5
Let d(p) = 2*p**3 + 2*p**2 - 3*p + 3. Calculate d(-3).
-24
Let x(w) = -w**2 + 3*w + 56. Determine x(-9).
-52
Let o(u) = 7*u**2 - u + 1. What is o(-2)?
31
Let v(h) = 77*h - 392. Give v(5).
-7
Let s(g) = -g - 7. What is s(15)?
-22
Let l(r) = -7*r**3 + 5*r**2 + r - 3. Calculate l(1).
-4
Let c(o) = 8*o - 32. Calculate c(4).
0
Let a(r) = -3*r**3 - r**2 + 2*r + 2. Give a(2).
-22
Let t(h) = -h**2 - 6*h + 2. Determine t(-5).
7
Let x(t) = -t**2 + 2*t + 19. Calculate x(0).
19
Let d(k) = -k**2 - 4*k + 6. Calculate d(-5).
1
Let a(u) = u**2 - 7*u + 5. Determine a(6).
-1
Let p(m) = -m**2 + 2*m + 8. What is p(4)?
0
Let u(p) = -p**2 - 1. Determine u(-2).
-5
Let m(p) = 9*p - 14. What is m(4)?
22
Let k(j) = 2*j + 2. Calculate k(5).
12
Let l(t) = t**2 + 4*t - 3. Calculate l(2).
9
Let u(r) = r**2 - 2*r + 33. Determine u(0).
33
Let r(y) = y**3 + 34*y**2 + 91*y - 76. Give r(-31).
-14
Let d(j) = 15*j + 1. Calculate d(-3).
-44
Let j(i) = 11*i**3 + i + 1. What is j(-1)?
-11
Let t(o) = o - 2. Give t(5).
3
Let v(g) = -20*g - 37. Determine v(-2).
3
Let c(o) = o**2 + 9*o - 30. What is c(-11)?
-8
Let y(k) = -k**2 + 13*k - 19. Determine y(12).
-7
Let v(u) = u**2 - 3*u - 37. What is v(7)?
-9
Let v(o) = -o**3 - 53*o**2 - 107*o - 255. What is v(-51)?
0
Let f(o) = 7*o**2 + 71*o + 116. Give f(-8).
-4
Let l(s) = -10*s - 11. Give l(-4).
29
Let g(p) = 27*p - 195. Determine g(7).
-6
Let v(n) = -n**3 - 4*n**2 + 8. Give v(-2).
0
Let z(v) = -v**3 - 11*v**2 - 2*v - 13. What is z(-11)?
9
Let n(u) = u**2 + 20*u - 7. Calculate n(-20).
-7
Let w(l) = 2*l + 43. Determine w(0).
43
Let p(m) = -m**3 + m**2 - 2*m - 1. Calculate p(2).
-9
Let o(w) = -2*w**3. What is o(2)?
-16
Let j(b) = b - 39. What is j(-18)?
-57
Let z(n) = n**3 - 5*n**2 - 17*n + 19. What is z(7)?
-2
Let i(t) = -t**3 + 5*t**2 + 5*t + 7. Determine i(6).
1
Let z(v) = -v + 29. Calculate z(16).
13
Let j(o) = -o**2 + 12*o - 31. Give j(6).
5
Let j(x) = 3*x**3 - 10*x**2 - 12*x - 2. What is j(-1)?
-3
Let k(d) = d - 1. Calculate k(-1).
-2
Let l(d) = -d**2 + 13*d - 10. Determine l(11).
12
Let z(v) = -2*v - 27. What is z(-17)?
7
Let a(u) = 6*u**3 + 3*u**2 - 1. Determine a(2).
59
Let v(o) = -o**3 - o - 65. What is v(0)?
-65
Let s(u) = 5*u + 20. Calculate s(-4).
0
Let s(t) = 9*t - 15. Determine s(10).
75
Let l(j) = -6*j**2. Calculate l(-2).
-24
Let r(x) = -x**3 + 6*x**2 - 1. What is r(6)?
-1
Let a(x) = -x**2 - 6*x + 97. Give a(8).
-15
Let u(n) = -n**3 + 6*n**2 - 4*n - 3. Give u(6).
-27
Let s(a) = -a - 2. Give s(-14).
12
Let q(t) = -29*t - 703. Calculate q(-24).
-7
Let q(c) = 2*c**2 - 8*c - 9. Calculate q(4).
-9
Let z(p) = -p**2 + 27*p + 245. What is z(-7)?
7
Let w(b) = b - 9. Give w(-9).
-18
Let c(x) = 4*x**3 - x**2. Determine c(-1).
-5
Let a(p) = p**3 + 8*p**2 + 8*p + 1. Determine a(-6).
25
Let x(k) = 11*k + 162. Determine x(-14).
8
Let h(u) = 9*u + 136. Give h(-16).
-8
Let p(w) = 40*w - 9. Determine p(3).
111
Let n(x) = 5*x**2 - 63*x - 31. Give n(13).
-5
Let q(c) = -c**3 + 11*c**2 + c + 13. Give q(11).
24
Let s(y) = y**2 + 50. Determine s(0).
50
Let i(z) = z**3 - 2*z**2 + 3*z + 28. Determine i(0).
28
Let r(z) = -6*z - 12. Calculate r(-4).
12
Let y(a) = -2*a**3 - 4*a**2 - 3*a - 2. What is y(-2)?
4
Let l(z) = -8*z**3 + z - 2. What is l(1)?
-9
Let b(m) = -m**2 + 11*m - 25. Give b(6).
5
Let a(w) = w - 13. Give a(18).
5
Let b(h) = 2*h**2 + 28*h + 7. What is b(-13)?
-19
Let l(m) = -m**3 - m**2 - m + 6. What is l(2)?
-8
Let q(v) = 3*v**3 + v**2 + v - 1. Give q(1).
4
Let l(n) = -n**3 - 4*n**2 - 2*n - 7. Determine l(-3).
-10
Let n(x) = -x**3 + 7*x**2 - 2*x. Calculate n(3).
30
Let l(m) = m**3 + 13*m**2 + 20*m - 10. Calculate l(-11).
12
Let w(c) = -6*c + 25. Determine w(2).
13
Let h(r) = 28*r - 18. Give h(-4).
-130
Let g(z) = z**3 + 17*z**2 + 19*z + 30. Determine g(-16).
-18
Let q(v) = v**3 + 30*v**2 + 30*v + 22. Calculate q(-29).
-7
Let x(c) = c + 19. Give x(-18).
1
Let a(p) = p**2 - 9*p. Calculate a(3).
-18
Let c(y) = -2*y - 20. Determine c(-13).
6
Let m(i) = -i + 43. Calculate m(12).
31
Let j(y) = -y**3 - 4*y**2 + 2*y + 13. Determine j(-5).
28
Let h(q) = -q**2 + 12*q - 14. Give h(4).
18
Let a(m) = -m**2 + 4*m + 35. Give a(-5).
-10
Let q(c) = 2*c + 19. Give q(0).
19
Let q(w) = -w**2 - 7*w + 16. What is q(-8)?
8
Let x(c) = -2*c**3 - 35*c**2 + 15*c - 62. Determine x(-18).
-8
Let c(b) = b**2 - 3*b - 5. What is c(-2)?
5
Let a(c) = 13*c - 46. Calculate a(5).
19
Let o(t) = t**2 - 5*t - 50. Calculate o(10).
0
Let d(c) = 3*c**2 + c. Give d(-2).
10
Let a(f) = -9*f**2 - 117*f + 7. What is a(-13)?
7
Let p(a) = -a**3 + 14*a**2 + 21*a - 21. What is p(15)?
69
Let k(j) = -j**2 + 28*j - 100. Calculate k(5).
15
Let v(b) = -15*b + 61. What is v(5)?
-14
Let l(b) = b**2 - 15*b - 182. Determine l(23).
2
Let h(y) = y**2 - 10*y + 10. Determine h(8).
-6
Let l(t) = 5*t + 10. Calculate l(-8).
-30
Let g(y) = y**3 + 12*y**2 + 30*y + 24. What is g(-9)?
-3
Let v(w) = -17*w - 3. What is v(-4)?
65
Let q(c) = c**2 + 5*c - 15. What is q(-8)?
9
Let r(d) = d**2 - 11*d - 1. What is r(12)?
11
Let f(m) = 14*m**2 - 2*m - 1. Give f(-1).
15
Let y(g) = g + 15. Give y(-3).
12
Let z(h) = 2*h - 11. Calculate z(0).
-11
Let q(p) = -110*p**3 + 2*p**2 - 5*p + 3. Give q(1).
-110
Let n(v) = -3*v**2 + 12*v + 19. What is n(5)?
4
Let y(j) = j**3 - 12*j**2 + 9*j + 5. What is y(11)?
-17
Let f(n) = 5*n - 14. Give f(3).
1
Let n(v) = 2*v - 8. Determine n(13).
18
Let j(q) = -q**2 - 13*q + 16. Determine j(-14).
2
Let p(t) = 2*t + 8. Calculate p(0).
8
Let d(y) = -3*y + 55. Calculate d(17).
4
Let o(d) = -d**3 - 8*d**2 - d - 8. What is o(-8)?
0
Let a(t) = t**3 - 10*t**2 - 3*t + 25. Calculate a(10).
-5
Let t(d) = 11*d**2 + 3*d - 1. What is t(1)?
13
Let j(n) = 9*n - 9. Give j(-3).
-36
Let d(h) = h**2 + h - 5. Calculate d(-4).
7
Let m(v) = 8*v - 1. Determine m(-3).
-25
Let g(b) = b**2 + 12*b + 9. Calculate g(-8).
-23
Let g(f) = -f**3 + 2*f**2 - f - 3. Give g(-3).
45
Let a(x) = -2*x + 18. Give a(12).
-6
Let x(t) = 3*t**2 + 13*t + 12. Determine x(-4).
8
Let n(m) = -4*m**2 + 19*m + 4. What is n(5)?
-1
Let o(l) = -16*l + 129. Determine o(8).
1
Let h(r) = -r**3 - 6*r**2 + 17. Give h(-5).
-8
Let q(g) = g**3 + 9*g**2 + 7*g + 9. Calculate q(-6).
75
Let i(m) = 16*m**3 - m**2 + m - 1. Determine i(1).
15
Let s(a) = 2*a**3 - 24*a**2 - 29*a + 16. Calculate s(13).
-23
Let r(x) = -2*x**3 - 45*x**2 + 24*x + 13. Calculate r(-23).
-10
Let u(g) = -9*g + 32. Determine u(7).
-31
Let w(o) = -5*o + 2. What is w(3)?
-13
Let o(c) = c - 6. Calculate o(12).
6
Let z(j) = j + 25. Give z(-15).
10
Let x(d) = 4*d**2 - d - 2. Give x(2).
12
Let a(u) = 55*u + 3140. Calculate a(-57).
5
Let y(r) = r**3 + 10*r**2 + 11*r + 10. Calculate y(-9).
-8
Let k(b) = -b**2 + b + 29. Determine k(6).
-1
Let y(b) = -2*b**2 + 14*b - 12. Calculate y(6).
0
Let j(s) = -8*s + 6. What is j(-2)?
22
Let w(q) = -q**2 - q - 1. What is w(-6)?
-31
Let y(g) = 2*g**2 - 4*g + 1. What is y(3)?
7
Let w(h) = 12*h + 22. Determ